ivisor of 1251 and 9?
9
What is the highest common factor of 31 and 19?
1
Calculate the greatest common divisor of 54 and 36.
18
Calculate the highest common factor of 11895 and 325.
65
Calculate the greatest common factor of 265 and 159.
53
What is the greatest common divisor of 17 and 85?
17
What is the highest common factor of 45 and 1125?
45
What is the highest common divisor of 26112 and 8?
8
Calculate the highest common factor of 1914 and 29.
29
Calculate the greatest common divisor of 25 and 4.
1
Calculate the highest common factor of 266 and 42.
14
Calculate the greatest common factor of 28 and 84.
28
What is the greatest common divisor of 460 and 20?
20
What is the greatest common divisor of 200 and 15700?
100
What is the highest common factor of 34398 and 28?
14
Calculate the greatest common divisor of 40 and 140.
20
What is the highest common factor of 2688 and 21?
21
Calculate the highest common divisor of 2472 and 24.
24
What is the highest common factor of 130 and 3185?
65
Calculate the greatest common factor of 161 and 98.
7
What is the greatest common factor of 4532 and 11?
11
What is the greatest common divisor of 20 and 28?
4
What is the highest common factor of 3 and 1997?
1
What is the highest common factor of 15 and 220?
5
What is the greatest common divisor of 92 and 23644?
92
What is the greatest common factor of 594 and 44?
22
Calculate the greatest common divisor of 27 and 2061.
9
Calculate the highest common factor of 896 and 28.
28
Calculate the highest common divisor of 14193 and 855.
171
What is the greatest common factor of 21 and 10962?
21
Calculate the greatest common divisor of 103 and 103.
103
What is the greatest common factor of 93 and 6882?
93
Calculate the highest common divisor of 2368 and 37.
37
Calculate the greatest common factor of 1504 and 94.
94
Calculate the greatest common factor of 63 and 105.
21
What is the highest common divisor of 1015 and 28?
7
What is the greatest common divisor of 44 and 1166?
22
Calculate the greatest common factor of 592 and 16.
16
Calculate the greatest common divisor of 88 and 209.
11
What is the highest common factor of 3000 and 312?
24
What is the highest common divisor of 76 and 844?
4
Calculate the greatest common divisor of 8 and 17.
1
What is the greatest common divisor of 86 and 172?
86
Calculate the highest common factor of 40 and 235.
5
Calculate the greatest common divisor of 35 and 66290.
35
What is the highest common factor of 511 and 21?
7
What is the highest common divisor of 2562 and 1302?
42
Calculate the highest common divisor of 540 and 44.
4
What is the greatest common factor of 140 and 1780?
20
Calculate the greatest common divisor of 7596 and 108.
36
Calculate the highest common divisor of 250 and 1375.
125
Calculate the highest common factor of 1846 and 26.
26
Calculate the greatest common divisor of 13 and 257.
1
What is the greatest common divisor of 25 and 4525?
25
What is the highest common factor of 416 and 4212?
52
What is the highest common divisor of 6 and 16872?
6
What is the highest common factor of 19 and 19?
19
What is the highest common factor of 17 and 26809?
17
Calculate the greatest common divisor of 24 and 3456.
24
Calculate the highest common divisor of 14 and 2086.
14
Calculate the highest common factor of 478 and 26.
2
Calculate the greatest common divisor of 72 and 54.
18
Calculate the greatest common factor of 45 and 405.
45
Calculate the highest common factor of 186 and 18.
6
Calculate the highest common divisor of 3520 and 528.
176
Calculate the highest common divisor of 37 and 2479.
37
What is the greatest common factor of 26 and 4043?
13
Calculate the greatest common divisor of 44 and 374.
22
Calculate the highest common factor of 168 and 21.
21
Calculate the greatest common factor of 3820 and 12.
4
What is the highest common divisor of 1340 and 20?
20
What is the highest common divisor of 16 and 1264?
16
Calculate the greatest common factor of 4696 and 8.
8
Calculate the greatest common divisor of 12288 and 144.
48
What is the highest common factor of 145 and 25?
5
Calculate the highest common divisor of 3268 and 5332.
172
Calculate the highest common factor of 392 and 168.
56
Calculate the greatest common divisor of 68 and 153.
17
What is the greatest common factor of 882 and 342?
18
Calculate the greatest common factor of 50 and 5620.
10
Calculate the greatest common factor of 456 and 552.
24
What is the greatest common factor of 4752 and 22?
22
Calculate the greatest common factor of 962 and 26.
26
Calculate the highest common divisor of 1188 and 342.
18
What is the highest common divisor of 60 and 15?
15
Calculate the greatest common divisor of 39 and 897.
39
What is the greatest common divisor of 110 and 2662?
22
Calculate the highest common divisor of 13 and 2.
1
What is the greatest common divisor of 268 and 4?
4
What is the greatest common factor of 40 and 4040?
40
Calculate the greatest common divisor of 36 and 36.
36
What is the highest common factor of 553 and 14?
7
Calculate the highest common divisor of 770 and 220.
110
Calculate the greatest common divisor of 13594 and 14.
14
Calculate the greatest common factor of 105 and 21.
21
Calculate the greatest common factor of 20 and 530.
10
What is the highest common divisor of 19558 and 154?
154
What is the highest common divisor of 5957 and 483?
161
Calculate the greatest common divisor of 62 and 527.
31
What is the greatest common factor of 28 and 1400?
28
What is the highest common factor of 11082 and 12?
6
What is the greatest common divisor of 35 and 5705?
35
What is the greatest common factor of 644 and 1012?
92
What is the greatest common divisor of 16 and 128?
16
What is the greatest common divisor of 24 and 872?
8
Calculate the greatest common factor of 279 and 3751.
31
What is the highest common divisor of 32 and 184?
8
Calculate the greatest common divisor of 243 and 675.
27
Calculate the highest common divisor of 66 and 6765.
33
What is the highest common divisor of 332 and 4399?
83
Calculate the highest common factor of 357 and 153.
51
What is the highest common divisor of 86 and 129?
43
Calculate the greatest common divisor of 144 and 816.
48
What is the greatest common divisor of 3531 and 33?
33
What is the greatest common factor of 2096 and 1179?
131
What is the highest common divisor of 923 and 13?
13
Calculate the greatest common factor of 4361 and 49.
49
Calculate the greatest common divisor of 58 and 1189.
29
Calculate the highest common divisor of 1715 and 2205.
245
Calculate the greatest common factor of 41410 and 41.
41
What is the greatest common factor of 3632 and 32?
16
What is the highest common divisor of 1547 and 35?
7
What is the greatest common divisor of 181 and 1?
1
What is the greatest common divisor of 150 and 480?
30
What is the greatest common divisor of 4784 and 1040?
208
Calculate the highest common divisor of 19 and 19874.
19
What is the greatest common divisor of 2060 and 103?
103
Calculate the highest common divisor of 287 and 448.
7
What is the greatest common divisor of 112 and 280?
56
Calculate the greatest common factor of 4246 and 22.
22
What is the greatest common divisor of 15 and 15?
15
What is the greatest common divisor of 782 and 442?
34
What is the greatest common divisor of 1988 and 84?
28
Calculate the greatest common divisor of 46 and 46.
46
What is the highest common factor of 1152 and 672?
96
Calculate the greatest common factor of 38 and 38.
38
What is the highest common factor of 14 and 238?
14
What is the highest common divisor of 6018 and 2832?
354
Calculate the greatest common factor of 64 and 32.
32
What is the greatest common divisor of 363 and 66?
33
Calculate the greatest common divisor of 24 and 24.
24
What is the highest common factor of 897 and 4140?
69
What is the highest common factor of 15 and 3885?
15
What is the greatest common divisor of 10 and 1380?
10
What is the greatest common factor of 26 and 949?
13
Calculate the greatest common divisor of 38 and 3268.
38
Calculate the highest common divisor of 26 and 2301.
13
What is the highest common factor of 3 and 183?
3
Calculate the greatest common divisor of 22 and 2794.
22
What is the highest common factor of 77 and 13266?
11
Calculate